{"id":72,"date":"2013-06-07T19:37:49","date_gmt":"2013-06-07T18:37:49","guid":{"rendered":"http:\/\/www.zonaires.com\/?page_id=72"},"modified":"2026-04-16T09:26:52","modified_gmt":"2026-04-16T08:26:52","slug":"prochainement","status":"publish","type":"page","link":"https:\/\/www.zonaires.com\/?page_id=72","title":{"rendered":"Prochainement"},"content":{"rendered":"<p>&nbsp;<\/p>\n<p><a href=\"https:\/\/www.zonaires.com\/wp-content\/uploads\/2026\/02\/couverture-Gaspard_page-0002.jpg\"><img loading=\"lazy\" class=\"aligncenter size-medium wp-image-5454\" src=\"https:\/\/www.zonaires.com\/wp-content\/uploads\/2026\/02\/couverture-Gaspard_page-0002-300x425.jpg\" alt=\"\" width=\"300\" height=\"425\" srcset=\"https:\/\/www.zonaires.com\/wp-content\/uploads\/2026\/02\/couverture-Gaspard_page-0002-300x425.jpg 300w, https:\/\/www.zonaires.com\/wp-content\/uploads\/2026\/02\/couverture-Gaspard_page-0002-723x1024.jpg 723w, https:\/\/www.zonaires.com\/wp-content\/uploads\/2026\/02\/couverture-Gaspard_page-0002-148x210.jpg 148w, https:\/\/www.zonaires.com\/wp-content\/uploads\/2026\/02\/couverture-Gaspard_page-0002-768x1088.jpg 768w, https:\/\/www.zonaires.com\/wp-content\/uploads\/2026\/02\/couverture-Gaspard_page-0002-1084x1536.jpg 1084w, https:\/\/www.zonaires.com\/wp-content\/uploads\/2026\/02\/couverture-Gaspard_page-0002-1445x2048.jpg 1445w, https:\/\/www.zonaires.com\/wp-content\/uploads\/2026\/02\/couverture-Gaspard_page-0002.jpg 1758w\" sizes=\"(max-width: 300px) 100vw, 300px\" \/><\/a><\/p>\n<p style=\"text-align: center;\"><strong><span style=\"color: #993300;\">GASPARD<\/span><\/strong><\/p>\n<p style=\"text-align: center;\"><strong><span style=\"color: #993300;\">Le cochon qui ne voulait pas grossir<\/span><\/strong><\/p>\n<p style=\"text-align: center;\">et autres nouvelles pour la jeunesse<\/p>\n<p style=\"text-align: center;\">Serge Cazenave<\/p>\n<p style=\"text-align: center;\">Parution pr\u00e9vue avril 2026<\/p>\n<p style=\"text-align: center;\">***<\/p>\n<p><a href=\"https:\/\/www.zonaires.com\/wp-content\/uploads\/2026\/04\/destins-choisis-couverture-02_page-0001.jpg\"><img loading=\"lazy\" class=\"aligncenter size-medium wp-image-5510\" src=\"https:\/\/www.zonaires.com\/wp-content\/uploads\/2026\/04\/destins-choisis-couverture-02_page-0001-300x426.jpg\" alt=\"\" width=\"300\" height=\"426\" srcset=\"https:\/\/www.zonaires.com\/wp-content\/uploads\/2026\/04\/destins-choisis-couverture-02_page-0001-300x426.jpg 300w, https:\/\/www.zonaires.com\/wp-content\/uploads\/2026\/04\/destins-choisis-couverture-02_page-0001-721x1024.jpg 721w, https:\/\/www.zonaires.com\/wp-content\/uploads\/2026\/04\/destins-choisis-couverture-02_page-0001-148x210.jpg 148w, https:\/\/www.zonaires.com\/wp-content\/uploads\/2026\/04\/destins-choisis-couverture-02_page-0001-768x1090.jpg 768w, https:\/\/www.zonaires.com\/wp-content\/uploads\/2026\/04\/destins-choisis-couverture-02_page-0001-1082x1536.jpg 1082w, https:\/\/www.zonaires.com\/wp-content\/uploads\/2026\/04\/destins-choisis-couverture-02_page-0001-1443x2048.jpg 1443w, https:\/\/www.zonaires.com\/wp-content\/uploads\/2026\/04\/destins-choisis-couverture-02_page-0001.jpg 1748w\" sizes=\"(max-width: 300px) 100vw, 300px\" \/><\/a><\/p>\n<p style=\"text-align: center;\"><span style=\"color: #993300;\"><strong>DESTINS CHOISIS<\/strong><\/span><\/p>\n<p style=\"text-align: center;\">R\u00e9cits d&#8217;exils<\/p>\n<p style=\"text-align: center;\">Marie Billet<\/p>\n<p style=\"text-align: center;\">Parution pr\u00e9vue mai 2026<\/p>\n<p style=\"text-align: center;\">***<\/p>\n<p><a href=\"https:\/\/www.zonaires.com\/wp-content\/uploads\/2026\/04\/Couverture-cet-inconnu-dans-le-miroir-04_page-0002.jpg\"><img loading=\"lazy\" class=\"aligncenter size-medium wp-image-5513\" src=\"https:\/\/www.zonaires.com\/wp-content\/uploads\/2026\/04\/Couverture-cet-inconnu-dans-le-miroir-04_page-0002-300x424.jpg\" alt=\"\" width=\"300\" height=\"424\" srcset=\"https:\/\/www.zonaires.com\/wp-content\/uploads\/2026\/04\/Couverture-cet-inconnu-dans-le-miroir-04_page-0002-300x424.jpg 300w, https:\/\/www.zonaires.com\/wp-content\/uploads\/2026\/04\/Couverture-cet-inconnu-dans-le-miroir-04_page-0002-724x1024.jpg 724w, https:\/\/www.zonaires.com\/wp-content\/uploads\/2026\/04\/Couverture-cet-inconnu-dans-le-miroir-04_page-0002-148x210.jpg 148w, https:\/\/www.zonaires.com\/wp-content\/uploads\/2026\/04\/Couverture-cet-inconnu-dans-le-miroir-04_page-0002-768x1086.jpg 768w, https:\/\/www.zonaires.com\/wp-content\/uploads\/2026\/04\/Couverture-cet-inconnu-dans-le-miroir-04_page-0002-1086x1536.jpg 1086w, https:\/\/www.zonaires.com\/wp-content\/uploads\/2026\/04\/Couverture-cet-inconnu-dans-le-miroir-04_page-0002-1448x2048.jpg 1448w, https:\/\/www.zonaires.com\/wp-content\/uploads\/2026\/04\/Couverture-cet-inconnu-dans-le-miroir-04_page-0002.jpg 1768w\" sizes=\"(max-width: 300px) 100vw, 300px\" \/><\/a><\/p>\n<p style=\"text-align: center;\"><strong><span style=\"color: #993300;\">Cet inconnu dans le miroir<\/span><\/strong><\/p>\n<p style=\"text-align: center;\">Roman<\/p>\n<p style=\"text-align: center;\">Pierre Monier<\/p>\n<p style=\"text-align: center;\">Parution pr\u00e9vue mai 2026<\/p>\n<p style=\"text-align: center;\">***<\/p>\n<p style=\"text-align: center;\"><strong><span style=\"color: #993300;\">DIX JOURS<\/span><\/strong><\/p>\n<p style=\"text-align: center;\">R\u00e9cit<\/p>\n<p style=\"text-align: center;\">Mich\u00e8le Wouters<\/p>\n<p style=\"text-align: center;\">Parution pr\u00e9vue juin\u00a0 2026<\/p>\n<p>&nbsp;<\/p>\n","protected":false},"excerpt":{"rendered":"<p>&nbsp; GASPARD Le cochon qui ne voulait pas grossir et autres nouvelles pour la jeunesse Serge Cazenave Parution pr\u00e9vue avril 2026 *** DESTINS CHOISIS R\u00e9cits d&#8217;exils Marie Billet Parution pr\u00e9vue [&hellip;]<\/p>\n","protected":false},"author":1,"featured_media":0,"parent":0,"menu_order":0,"comment_status":"open","ping_status":"open","template":"","meta":[],"_links":{"self":[{"href":"https:\/\/www.zonaires.com\/index.php?rest_route=\/wp\/v2\/pages\/72"}],"collection":[{"href":"https:\/\/www.zonaires.com\/index.php?rest_route=\/wp\/v2\/pages"}],"about":[{"href":"https:\/\/www.zonaires.com\/index.php?rest_route=\/wp\/v2\/types\/page"}],"author":[{"embeddable":true,"href":"https:\/\/www.zonaires.com\/index.php?rest_route=\/wp\/v2\/users\/1"}],"replies":[{"embeddable":true,"href":"https:\/\/www.zonaires.com\/index.php?rest_route=%2Fwp%2Fv2%2Fcomments&post=72"}],"version-history":[{"count":292,"href":"https:\/\/www.zonaires.com\/index.php?rest_route=\/wp\/v2\/pages\/72\/revisions"}],"predecessor-version":[{"id":5514,"href":"https:\/\/www.zonaires.com\/index.php?rest_route=\/wp\/v2\/pages\/72\/revisions\/5514"}],"wp:attachment":[{"href":"https:\/\/www.zonaires.com\/index.php?rest_route=%2Fwp%2Fv2%2Fmedia&parent=72"}],"curies":[{"name":"wp","href":"https:\/\/api.w.org\/{rel}","templated":true}]}}