{"id":4625,"date":"2024-04-08T10:05:35","date_gmt":"2024-04-08T09:05:35","guid":{"rendered":"https:\/\/www.zonaires.com\/?page_id=4625"},"modified":"2025-11-14T16:48:56","modified_gmt":"2025-11-14T15:48:56","slug":"sylvie-couval","status":"publish","type":"page","link":"https:\/\/www.zonaires.com\/?page_id=4625","title":{"rendered":"Sylvie Couval"},"content":{"rendered":"<p><a href=\"https:\/\/www.zonaires.com\/wp-content\/uploads\/2024\/03\/Photo-Sylvie-Couval-.jpg\"><img loading=\"lazy\" class=\"alignleft size-thumbnail wp-image-4589\" src=\"https:\/\/www.zonaires.com\/wp-content\/uploads\/2024\/03\/Photo-Sylvie-Couval--148x176.jpg\" alt=\"\" width=\"148\" height=\"176\" srcset=\"https:\/\/www.zonaires.com\/wp-content\/uploads\/2024\/03\/Photo-Sylvie-Couval--148x176.jpg 148w, https:\/\/www.zonaires.com\/wp-content\/uploads\/2024\/03\/Photo-Sylvie-Couval--300x356.jpg 300w, https:\/\/www.zonaires.com\/wp-content\/uploads\/2024\/03\/Photo-Sylvie-Couval--863x1024.jpg 863w, https:\/\/www.zonaires.com\/wp-content\/uploads\/2024\/03\/Photo-Sylvie-Couval--768x911.jpg 768w, https:\/\/www.zonaires.com\/wp-content\/uploads\/2024\/03\/Photo-Sylvie-Couval--1295x1536.jpg 1295w, https:\/\/www.zonaires.com\/wp-content\/uploads\/2024\/03\/Photo-Sylvie-Couval-.jpg 1655w\" sizes=\"(max-width: 148px) 100vw, 148px\" \/><\/a>Sylvie Couval est militante depuis des ann\u00e9es au sein d\u2019associations en lien avec les migrants. Elle a publi\u00e9 un essai aux \u00c9ditions Euro-p\u00e9ennes Universitaires \u00ab\u00a0Violations des Droits de l&#8217;Homme au Tibet\u00a0\u00bb<\/p>\n<p><a href=\"https:\/\/www.zonaires.com\/?p=4587\">Quand j&#8217;ai quitt\u00e9 la Syrie, j&#8217;ai cass\u00e9 mon stylo &#8211; R\u00e9fugi\u00e9s, chemins de vie\u00a0<\/a><\/p>\n<p><strong>Rencontre avec Sylvie COUVAL sur Radio Gr\u00e9sivaudan<\/strong><\/p>\n<p><a href=\"https:\/\/www.zonaires.com\/wp-content\/uploads\/2025\/11\/Sylvie-Couval-sur-Radio-Gresivaudan_1-scaled.jpg\"><img loading=\"lazy\" class=\"alignleft size-large wp-image-5378\" src=\"https:\/\/www.zonaires.com\/wp-content\/uploads\/2025\/11\/Sylvie-Couval-sur-Radio-Gresivaudan_1-1024x431.jpg\" alt=\"\" width=\"810\" height=\"341\" srcset=\"https:\/\/www.zonaires.com\/wp-content\/uploads\/2025\/11\/Sylvie-Couval-sur-Radio-Gresivaudan_1-1024x431.jpg 1024w, https:\/\/www.zonaires.com\/wp-content\/uploads\/2025\/11\/Sylvie-Couval-sur-Radio-Gresivaudan_1-300x126.jpg 300w, https:\/\/www.zonaires.com\/wp-content\/uploads\/2025\/11\/Sylvie-Couval-sur-Radio-Gresivaudan_1-148x62.jpg 148w, https:\/\/www.zonaires.com\/wp-content\/uploads\/2025\/11\/Sylvie-Couval-sur-Radio-Gresivaudan_1-768x323.jpg 768w, https:\/\/www.zonaires.com\/wp-content\/uploads\/2025\/11\/Sylvie-Couval-sur-Radio-Gresivaudan_1-1536x646.jpg 1536w, https:\/\/www.zonaires.com\/wp-content\/uploads\/2025\/11\/Sylvie-Couval-sur-Radio-Gresivaudan_1-2048x861.jpg 2048w\" sizes=\"(max-width: 810px) 100vw, 810px\" \/><\/a><\/p>\n<p>&nbsp;<\/p>\n<!--[if lt IE 9]><script>document.createElement('audio');<\/script><![endif]-->\n<audio class=\"wp-audio-shortcode\" id=\"audio-4625-1\" preload=\"none\" style=\"width: 100%;\" controls=\"controls\"><source type=\"audio\/mpeg\" src=\"https:\/\/www.zonaires.com\/wp-content\/uploads\/2025\/11\/Sylvie-Couval-14-11.mp3?_=1\" \/><a href=\"https:\/\/www.zonaires.com\/wp-content\/uploads\/2025\/11\/Sylvie-Couval-14-11.mp3\">https:\/\/www.zonaires.com\/wp-content\/uploads\/2025\/11\/Sylvie-Couval-14-11.mp3<\/a><\/audio>\n","protected":false},"excerpt":{"rendered":"<p>Sylvie Couval est militante depuis des ann\u00e9es au sein d\u2019associations en lien avec les migrants. Elle a publi\u00e9 un essai aux \u00c9ditions Euro-p\u00e9ennes Universitaires \u00ab\u00a0Violations des Droits de l&#8217;Homme au [&hellip;]<\/p>\n","protected":false},"author":1,"featured_media":0,"parent":2248,"menu_order":0,"comment_status":"closed","ping_status":"closed","template":"","meta":[],"_links":{"self":[{"href":"https:\/\/www.zonaires.com\/index.php?rest_route=\/wp\/v2\/pages\/4625"}],"collection":[{"href":"https:\/\/www.zonaires.com\/index.php?rest_route=\/wp\/v2\/pages"}],"about":[{"href":"https:\/\/www.zonaires.com\/index.php?rest_route=\/wp\/v2\/types\/page"}],"author":[{"embeddable":true,"href":"https:\/\/www.zonaires.com\/index.php?rest_route=\/wp\/v2\/users\/1"}],"replies":[{"embeddable":true,"href":"https:\/\/www.zonaires.com\/index.php?rest_route=%2Fwp%2Fv2%2Fcomments&post=4625"}],"version-history":[{"count":4,"href":"https:\/\/www.zonaires.com\/index.php?rest_route=\/wp\/v2\/pages\/4625\/revisions"}],"predecessor-version":[{"id":5381,"href":"https:\/\/www.zonaires.com\/index.php?rest_route=\/wp\/v2\/pages\/4625\/revisions\/5381"}],"up":[{"embeddable":true,"href":"https:\/\/www.zonaires.com\/index.php?rest_route=\/wp\/v2\/pages\/2248"}],"wp:attachment":[{"href":"https:\/\/www.zonaires.com\/index.php?rest_route=%2Fwp%2Fv2%2Fmedia&parent=4625"}],"curies":[{"name":"wp","href":"https:\/\/api.w.org\/{rel}","templated":true}]}}

<p><a href="https://www.zonaires.com/wp-content/uploads/2024/03/Photo-Sylvie-Couval-.jpg"><img loading="lazy" class="alignleft size-thumbnail wp-image-4589" src="https://www.zonaires.com/wp-content/uploads/2024/03/Photo-Sylvie-Couval--148x176.jpg" alt="" width="148" height="176" srcset="https://www.zonaires.com/wp-content/uploads/2024/03/Photo-Sylvie-Couval--148x176.jpg 148w, https://www.zonaires.com/wp-content/uploads/2024/03/Photo-Sylvie-Couval--300x356.jpg 300w, https://www.zonaires.com/wp-content/uploads/2024/03/Photo-Sylvie-Couval--863x1024.jpg 863w, https://www.zonaires.com/wp-content/uploads/2024/03/Photo-Sylvie-Couval--768x911.jpg 768w, https://www.zonaires.com/wp-content/uploads/2024/03/Photo-Sylvie-Couval--1295x1536.jpg 1295w, https://www.zonaires.com/wp-content/uploads/2024/03/Photo-Sylvie-Couval-.jpg 1655w" sizes="(max-width: 148px) 100vw, 148px" /></a>Sylvie Couval est militante depuis des années au sein d’associations en lien avec les migrants. Elle a publié un essai aux Éditions Euro-péennes Universitaires « Violations des Droits de l&#8217;Homme au Tibet »</p>
<p><a href="https://www.zonaires.com/?p=4587">Quand j&#8217;ai quitté la Syrie, j&#8217;ai cassé mon stylo &#8211; Réfugiés, chemins de vie </a></p>
<p><strong>Rencontre avec Sylvie COUVAL sur Radio Grésivaudan</strong></p>
<p><a href="https://www.zonaires.com/wp-content/uploads/2025/11/Sylvie-Couval-sur-Radio-Gresivaudan_1-scaled.jpg"><img loading="lazy" class="alignleft size-large wp-image-5378" src="https://www.zonaires.com/wp-content/uploads/2025/11/Sylvie-Couval-sur-Radio-Gresivaudan_1-1024x431.jpg" alt="" width="810" height="341" srcset="https://www.zonaires.com/wp-content/uploads/2025/11/Sylvie-Couval-sur-Radio-Gresivaudan_1-1024x431.jpg 1024w, https://www.zonaires.com/wp-content/uploads/2025/11/Sylvie-Couval-sur-Radio-Gresivaudan_1-300x126.jpg 300w, https://www.zonaires.com/wp-content/uploads/2025/11/Sylvie-Couval-sur-Radio-Gresivaudan_1-148x62.jpg 148w, https://www.zonaires.com/wp-content/uploads/2025/11/Sylvie-Couval-sur-Radio-Gresivaudan_1-768x323.jpg 768w, https://www.zonaires.com/wp-content/uploads/2025/11/Sylvie-Couval-sur-Radio-Gresivaudan_1-1536x646.jpg 1536w, https://www.zonaires.com/wp-content/uploads/2025/11/Sylvie-Couval-sur-Radio-Gresivaudan_1-2048x861.jpg 2048w" sizes="(max-width: 810px) 100vw, 810px" /></a></p>
<p>&nbsp;</p>
<!--[if lt IE 9]><script>document.createElement('audio');</script><![endif]-->
<audio class="wp-audio-shortcode" id="audio-4625-1" preload="none" style="width: 100%;" controls="controls"><source type="audio/mpeg" src="https://www.zonaires.com/wp-content/uploads/2025/11/Sylvie-Couval-14-11.mp3?_=1" /><a href="https://www.zonaires.com/wp-content/uploads/2025/11/Sylvie-Couval-14-11.mp3">https://www.zonaires.com/wp-content/uploads/2025/11/Sylvie-Couval-14-11.mp3</a></audio>

<p>Sylvie Couval est militante depuis des années au sein d’associations en lien avec les migrants. Elle a publié un essai aux Éditions Euro-péennes Universitaires « Violations des Droits de l&#8217;Homme au [&hellip;]</p>
