{"id":4012,"date":"2022-03-17T16:32:56","date_gmt":"2022-03-17T15:32:56","guid":{"rendered":"https:\/\/www.zonaires.com\/?page_id=4012"},"modified":"2022-03-17T16:35:44","modified_gmt":"2022-03-17T15:35:44","slug":"viviane-campomar","status":"publish","type":"page","link":"https:\/\/www.zonaires.com\/?page_id=4012","title":{"rendered":"Viviane Campomar"},"content":{"rendered":"<p><a href=\"https:\/\/www.zonaires.com\/wp-content\/uploads\/2022\/03\/Viviane-Campomar-portrait.jpg\"><img loading=\"lazy\" class=\"alignleft size-thumbnail wp-image-3997\" src=\"https:\/\/www.zonaires.com\/wp-content\/uploads\/2022\/03\/Viviane-Campomar-portrait-148x146.jpg\" alt=\"\" width=\"148\" height=\"146\" srcset=\"https:\/\/www.zonaires.com\/wp-content\/uploads\/2022\/03\/Viviane-Campomar-portrait-148x146.jpg 148w, https:\/\/www.zonaires.com\/wp-content\/uploads\/2022\/03\/Viviane-Campomar-portrait-300x297.jpg 300w, https:\/\/www.zonaires.com\/wp-content\/uploads\/2022\/03\/Viviane-Campomar-portrait.jpg 520w\" sizes=\"(max-width: 148px) 100vw, 148px\" \/><\/a><\/p>\n<p>&nbsp;<\/p>\n<p>Viviane Campomar, docteur en chimie min\u00e9rale et agr\u00e9g\u00e9e de Sciences physiques est auteure de plusieurs romans et recueils de nouvelles.<br \/>\nSon recueil \u00ab\u00a0J\u2019irai dormir \u00e0 Odessa\u00a0\u00bb a obtenu le prix de la nouvelle d\u2019Angers et est finaliste du prix Litt\u00e9r\u2019Halles 2022.<\/p>\n<p>Chez Zonaires \u00e9ditions : <a href=\"https:\/\/www.zonaires.com\/?p=3994\">En lui, quelque chose de l&#8217;Alg\u00e9rie<\/a>, roman<\/p>\n","protected":false},"excerpt":{"rendered":"<p>&nbsp; Viviane Campomar, docteur en chimie min\u00e9rale et agr\u00e9g\u00e9e de Sciences physiques est auteure de plusieurs romans et recueils de nouvelles. Son recueil \u00ab\u00a0J\u2019irai dormir \u00e0 Odessa\u00a0\u00bb a obtenu le [&hellip;]<\/p>\n","protected":false},"author":1,"featured_media":0,"parent":2248,"menu_order":0,"comment_status":"closed","ping_status":"closed","template":"","meta":[],"_links":{"self":[{"href":"https:\/\/www.zonaires.com\/index.php?rest_route=\/wp\/v2\/pages\/4012"}],"collection":[{"href":"https:\/\/www.zonaires.com\/index.php?rest_route=\/wp\/v2\/pages"}],"about":[{"href":"https:\/\/www.zonaires.com\/index.php?rest_route=\/wp\/v2\/types\/page"}],"author":[{"embeddable":true,"href":"https:\/\/www.zonaires.com\/index.php?rest_route=\/wp\/v2\/users\/1"}],"replies":[{"embeddable":true,"href":"https:\/\/www.zonaires.com\/index.php?rest_route=%2Fwp%2Fv2%2Fcomments&post=4012"}],"version-history":[{"count":1,"href":"https:\/\/www.zonaires.com\/index.php?rest_route=\/wp\/v2\/pages\/4012\/revisions"}],"predecessor-version":[{"id":4013,"href":"https:\/\/www.zonaires.com\/index.php?rest_route=\/wp\/v2\/pages\/4012\/revisions\/4013"}],"up":[{"embeddable":true,"href":"https:\/\/www.zonaires.com\/index.php?rest_route=\/wp\/v2\/pages\/2248"}],"wp:attachment":[{"href":"https:\/\/www.zonaires.com\/index.php?rest_route=%2Fwp%2Fv2%2Fmedia&parent=4012"}],"curies":[{"name":"wp","href":"https:\/\/api.w.org\/{rel}","templated":true}]}}