{"id":3337,"date":"2020-10-01T11:19:45","date_gmt":"2020-10-01T10:19:45","guid":{"rendered":"https:\/\/www.zonaires.com\/?page_id=3337"},"modified":"2025-05-02T07:34:24","modified_gmt":"2025-05-02T06:34:24","slug":"papa-malick-fall","status":"publish","type":"page","link":"https:\/\/www.zonaires.com\/?page_id=3337","title":{"rendered":"Papa Malick Fall"},"content":{"rendered":"<p><img loading=\"lazy\" class=\"alignleft wp-image-3287\" src=\"https:\/\/www.zonaires.com\/wp-content\/uploads\/2020\/09\/Papa-malick2-148x210.jpg\" alt=\"\" width=\"140\" height=\"199\" \/>Les mots, des mots\u2026<br \/>\nJe les cherche toujours. Je les scrute dans la profondeur de la nuit. Je les cueille dans la ti\u00e9deur de l\u2019ennui. Je les guette dans la fragilit\u00e9 du matin. Ils pi\u00e9tinent mes ombres. Ils rasent les murs. Ils dansent dans le miroir. Ils avancent dans la lumi\u00e8re. Ils chuchotent dans le brouillard.\u00a0 Ils narguent mon sommeil et hantent mes r\u00eaves. Je les sens. Je les respire. Je les entends murmurer dans le vent.\u00a0 Je les entends bourdonner dans le silence. Ils se bousculent, s\u2019essoufflent, s\u2019effacent. Je les entends tomber, se relever, tituber. Ils cherchent leur ponctuation.\u00a0 Ils sont vers, rimes, m\u00e9lodies\u2026\u00a0 Ils bruissent dans le feuillage.\u00a0 Ils s\u2019illuminent dans le sourire de cette fille que je croise au coin d\u2019une rue. Ils sont suspendus dans son regard, tremblent sur ses l\u00e8vres, effleurent sa chevelure.<\/p>\n<p>Co-auteur du roman graphique &#8220;<a href=\"https:\/\/www.zonaires.com\/?p=3277\">Le silence des baobabs<\/a>&#8221;<\/p>\n<p><a href=\"https:\/\/www.zonaires.com\/wp-content\/uploads\/2021\/11\/Carrosserie-couverture-recto.jpg\"><img loading=\"lazy\" class=\"alignleft wp-image-3911\" src=\"https:\/\/www.zonaires.com\/wp-content\/uploads\/2021\/11\/Carrosserie-couverture-recto-140x210.jpg\" alt=\"\" width=\"149\" height=\"224\" srcset=\"https:\/\/www.zonaires.com\/wp-content\/uploads\/2021\/11\/Carrosserie-couverture-recto-140x210.jpg 140w, https:\/\/www.zonaires.com\/wp-content\/uploads\/2021\/11\/Carrosserie-couverture-recto-300x450.jpg 300w, https:\/\/www.zonaires.com\/wp-content\/uploads\/2021\/11\/Carrosserie-couverture-recto-768x1149.jpg 768w, https:\/\/www.zonaires.com\/wp-content\/uploads\/2021\/11\/Carrosserie-couverture-recto-684x1024.jpg 684w, https:\/\/www.zonaires.com\/wp-content\/uploads\/2021\/11\/Carrosserie-couverture-recto.jpg 1627w\" sizes=\"(max-width: 149px) 100vw, 149px\" \/><\/a><\/p>\n<p>Parution en novembre 2021 de &#8220;<a href=\"https:\/\/www.zonaires.com\/?p=3910\">Carrosserie<\/a>&#8221;<\/p>\n<p>Du choc des mots, de l\u2019impact de ce parall\u00e8le entre les caboss\u00e9s de la route et les caboss\u00e9s de la vie que sont les migrants se d\u00e9gage toute une palette d\u2019interpr\u00e9tations possibles pour faire ressentir en quelques instants la condition d\u2019exil\u00e9 : d\u00e9chirure et r\u00e9paration.<br \/>\nCe texte est partie int\u00e9grante d\u2019une cr\u00e9ation th\u00e9\u00e2trale intitul\u00e9e \u00ab\u00a0Vies exil\u00e9es, vies caboss\u00e9es\u00a0\u00bb \u00e9crite par des migrants accueillis \u00e0 l\u2019Apardap.<\/p>\n<p><a href=\"https:\/\/www.zonaires.com\/wp-content\/uploads\/2025\/04\/Couverture-Moi-migrant-petit-fils-de-tirailleurs-senegalais-31-mars-2025-recto.jpg\"><img loading=\"lazy\" class=\"alignleft size-thumbnail wp-image-5147\" src=\"https:\/\/www.zonaires.com\/wp-content\/uploads\/2025\/04\/Couverture-Moi-migrant-petit-fils-de-tirailleurs-senegalais-31-mars-2025-recto-146x210.jpg\" alt=\"\" width=\"146\" height=\"210\" srcset=\"https:\/\/www.zonaires.com\/wp-content\/uploads\/2025\/04\/Couverture-Moi-migrant-petit-fils-de-tirailleurs-senegalais-31-mars-2025-recto-146x210.jpg 146w, https:\/\/www.zonaires.com\/wp-content\/uploads\/2025\/04\/Couverture-Moi-migrant-petit-fils-de-tirailleurs-senegalais-31-mars-2025-recto-300x430.jpg 300w, https:\/\/www.zonaires.com\/wp-content\/uploads\/2025\/04\/Couverture-Moi-migrant-petit-fils-de-tirailleurs-senegalais-31-mars-2025-recto-714x1024.jpg 714w, https:\/\/www.zonaires.com\/wp-content\/uploads\/2025\/04\/Couverture-Moi-migrant-petit-fils-de-tirailleurs-senegalais-31-mars-2025-recto-768x1102.jpg 768w, https:\/\/www.zonaires.com\/wp-content\/uploads\/2025\/04\/Couverture-Moi-migrant-petit-fils-de-tirailleurs-senegalais-31-mars-2025-recto-1070x1536.jpg 1070w, https:\/\/www.zonaires.com\/wp-content\/uploads\/2025\/04\/Couverture-Moi-migrant-petit-fils-de-tirailleurs-senegalais-31-mars-2025-recto-1427x2048.jpg 1427w, https:\/\/www.zonaires.com\/wp-content\/uploads\/2025\/04\/Couverture-Moi-migrant-petit-fils-de-tirailleurs-senegalais-31-mars-2025-recto.jpg 1690w\" sizes=\"(max-width: 146px) 100vw, 146px\" \/><\/a>Parution en mai 2025 : <a href=\"https:\/\/www.zonaires.com\/?p=5144\">Moi, migrant, petit-fils de tirailleurs s\u00e9n\u00e9galais<\/a><\/p>\n<p>Les uns sont arriv\u00e9s par bateau ; les autres ont atteint la rive sur des radeaux de fortune. Qu\u2019ils soient tirailleurs ou migrants, ils viennent tous d\u2019ailleurs, passant d\u2019un port \u00e0 l\u2019autre, d\u2019une gare \u00e0 l\u2019autre dans une profonde solitude.<br \/>\nIls font la queue devant les pr\u00e9fectures. Ils attendent dans les tranch\u00e9es.<br \/>\nArrachement \u00e0 la terre natale, d\u00e9part douloureux, souffrance, r\u00e9silience, errance et m\u00e9lange de nostalgie, les destins s\u2019entrelacent et les chemins s\u2019entrecroisent.<br \/>\nCes textes se chevauchent, se nouent, tentant de retracer les trajectoires poussi\u00e9reuses cousues d\u2019illusions, de colmater les r\u00eaves \u00e9cras\u00e9s sur les routes de l\u2019exil et dans l\u2019incertitude des nuits d\u2019hiver.<br \/>\nDans leurs plaidoiries, la m\u00e9moire est leur seule pi\u00e8ce \u00e0 conviction, mais ils ont oubli\u00e9 que l\u2019histoire n\u2019est pas un laissez-passer !<br \/>\nJe l\u00e8ve mes vers \u00e0 tous ceux qui ont d\u00fb quitter leur terre, leurs racines, et qui portent en eux les cicatrices de l\u2019\u00e9loignement.<\/p>\n","protected":false},"excerpt":{"rendered":"<p>Les mots, des mots\u2026 Je les cherche toujours. Je les scrute dans la profondeur de la nuit. Je les cueille dans la ti\u00e9deur de l\u2019ennui. Je les guette dans la [&hellip;]<\/p>\n","protected":false},"author":1,"featured_media":0,"parent":2248,"menu_order":0,"comment_status":"closed","ping_status":"closed","template":"","meta":[],"_links":{"self":[{"href":"https:\/\/www.zonaires.com\/index.php?rest_route=\/wp\/v2\/pages\/3337"}],"collection":[{"href":"https:\/\/www.zonaires.com\/index.php?rest_route=\/wp\/v2\/pages"}],"about":[{"href":"https:\/\/www.zonaires.com\/index.php?rest_route=\/wp\/v2\/types\/page"}],"author":[{"embeddable":true,"href":"https:\/\/www.zonaires.com\/index.php?rest_route=\/wp\/v2\/users\/1"}],"replies":[{"embeddable":true,"href":"https:\/\/www.zonaires.com\/index.php?rest_route=%2Fwp%2Fv2%2Fcomments&post=3337"}],"version-history":[{"count":9,"href":"https:\/\/www.zonaires.com\/index.php?rest_route=\/wp\/v2\/pages\/3337\/revisions"}],"predecessor-version":[{"id":5185,"href":"https:\/\/www.zonaires.com\/index.php?rest_route=\/wp\/v2\/pages\/3337\/revisions\/5185"}],"up":[{"embeddable":true,"href":"https:\/\/www.zonaires.com\/index.php?rest_route=\/wp\/v2\/pages\/2248"}],"wp:attachment":[{"href":"https:\/\/www.zonaires.com\/index.php?rest_route=%2Fwp%2Fv2%2Fmedia&parent=3337"}],"curies":[{"name":"wp","href":"https:\/\/api.w.org\/{rel}","templated":true}]}}

<p><img loading="lazy" class="alignleft wp-image-3287" src="https://www.zonaires.com/wp-content/uploads/2020/09/Papa-malick2-148x210.jpg" alt="" width="140" height="199" />Les mots, des mots…<br />
Je les cherche toujours. Je les scrute dans la profondeur de la nuit. Je les cueille dans la tiédeur de l’ennui. Je les guette dans la fragilité du matin. Ils piétinent mes ombres. Ils rasent les murs. Ils dansent dans le miroir. Ils avancent dans la lumière. Ils chuchotent dans le brouillard.  Ils narguent mon sommeil et hantent mes rêves. Je les sens. Je les respire. Je les entends murmurer dans le vent.  Je les entends bourdonner dans le silence. Ils se bousculent, s’essoufflent, s’effacent. Je les entends tomber, se relever, tituber. Ils cherchent leur ponctuation.  Ils sont vers, rimes, mélodies…  Ils bruissent dans le feuillage.  Ils s’illuminent dans le sourire de cette fille que je croise au coin d’une rue. Ils sont suspendus dans son regard, tremblent sur ses lèvres, effleurent sa chevelure.</p>
<p>Co-auteur du roman graphique &#8220;<a href="https://www.zonaires.com/?p=3277">Le silence des baobabs</a>&#8221;</p>
<p><a href="https://www.zonaires.com/wp-content/uploads/2021/11/Carrosserie-couverture-recto.jpg"><img loading="lazy" class="alignleft wp-image-3911" src="https://www.zonaires.com/wp-content/uploads/2021/11/Carrosserie-couverture-recto-140x210.jpg" alt="" width="149" height="224" srcset="https://www.zonaires.com/wp-content/uploads/2021/11/Carrosserie-couverture-recto-140x210.jpg 140w, https://www.zonaires.com/wp-content/uploads/2021/11/Carrosserie-couverture-recto-300x450.jpg 300w, https://www.zonaires.com/wp-content/uploads/2021/11/Carrosserie-couverture-recto-768x1149.jpg 768w, https://www.zonaires.com/wp-content/uploads/2021/11/Carrosserie-couverture-recto-684x1024.jpg 684w, https://www.zonaires.com/wp-content/uploads/2021/11/Carrosserie-couverture-recto.jpg 1627w" sizes="(max-width: 149px) 100vw, 149px" /></a></p>
<p>Parution en novembre 2021 de &#8220;<a href="https://www.zonaires.com/?p=3910">Carrosserie</a>&#8221;</p>
<p>Du choc des mots, de l’impact de ce parallèle entre les cabossés de la route et les cabossés de la vie que sont les migrants se dégage toute une palette d’interprétations possibles pour faire ressentir en quelques instants la condition d’exilé : déchirure et réparation.<br />
Ce texte est partie intégrante d’une création théâtrale intitulée « Vies exilées, vies cabossées » écrite par des migrants accueillis à l’Apardap.</p>
<p><a href="https://www.zonaires.com/wp-content/uploads/2025/04/Couverture-Moi-migrant-petit-fils-de-tirailleurs-senegalais-31-mars-2025-recto.jpg"><img loading="lazy" class="alignleft size-thumbnail wp-image-5147" src="https://www.zonaires.com/wp-content/uploads/2025/04/Couverture-Moi-migrant-petit-fils-de-tirailleurs-senegalais-31-mars-2025-recto-146x210.jpg" alt="" width="146" height="210" srcset="https://www.zonaires.com/wp-content/uploads/2025/04/Couverture-Moi-migrant-petit-fils-de-tirailleurs-senegalais-31-mars-2025-recto-146x210.jpg 146w, https://www.zonaires.com/wp-content/uploads/2025/04/Couverture-Moi-migrant-petit-fils-de-tirailleurs-senegalais-31-mars-2025-recto-300x430.jpg 300w, https://www.zonaires.com/wp-content/uploads/2025/04/Couverture-Moi-migrant-petit-fils-de-tirailleurs-senegalais-31-mars-2025-recto-714x1024.jpg 714w, https://www.zonaires.com/wp-content/uploads/2025/04/Couverture-Moi-migrant-petit-fils-de-tirailleurs-senegalais-31-mars-2025-recto-768x1102.jpg 768w, https://www.zonaires.com/wp-content/uploads/2025/04/Couverture-Moi-migrant-petit-fils-de-tirailleurs-senegalais-31-mars-2025-recto-1070x1536.jpg 1070w, https://www.zonaires.com/wp-content/uploads/2025/04/Couverture-Moi-migrant-petit-fils-de-tirailleurs-senegalais-31-mars-2025-recto-1427x2048.jpg 1427w, https://www.zonaires.com/wp-content/uploads/2025/04/Couverture-Moi-migrant-petit-fils-de-tirailleurs-senegalais-31-mars-2025-recto.jpg 1690w" sizes="(max-width: 146px) 100vw, 146px" /></a>Parution en mai 2025 : <a href="https://www.zonaires.com/?p=5144">Moi, migrant, petit-fils de tirailleurs sénégalais</a></p>
<p>Les uns sont arrivés par bateau ; les autres ont atteint la rive sur des radeaux de fortune. Qu’ils soient tirailleurs ou migrants, ils viennent tous d’ailleurs, passant d’un port à l’autre, d’une gare à l’autre dans une profonde solitude.<br />
Ils font la queue devant les préfectures. Ils attendent dans les tranchées.<br />
Arrachement à la terre natale, départ douloureux, souffrance, résilience, errance et mélange de nostalgie, les destins s’entrelacent et les chemins s’entrecroisent.<br />
Ces textes se chevauchent, se nouent, tentant de retracer les trajectoires poussiéreuses cousues d’illusions, de colmater les rêves écrasés sur les routes de l’exil et dans l’incertitude des nuits d’hiver.<br />
Dans leurs plaidoiries, la mémoire est leur seule pièce à conviction, mais ils ont oublié que l’histoire n’est pas un laissez-passer !<br />
Je lève mes vers à tous ceux qui ont dû quitter leur terre, leurs racines, et qui portent en eux les cicatrices de l’éloignement.</p>

<p>Les mots, des mots… Je les cherche toujours. Je les scrute dans la profondeur de la nuit. Je les cueille dans la tiédeur de l’ennui. Je les guette dans la [&hellip;]</p>
