{"id":3016,"date":"2020-03-06T11:34:37","date_gmt":"2020-03-06T10:34:37","guid":{"rendered":"http:\/\/www.zonaires.com\/?page_id=3016"},"modified":"2020-03-06T11:34:37","modified_gmt":"2020-03-06T10:34:37","slug":"pastel-noir","status":"publish","type":"page","link":"https:\/\/www.zonaires.com\/?page_id=3016","title":{"rendered":"Pastel noir"},"content":{"rendered":"<p><img loading=\"lazy\" class=\"alignleft size-thumbnail wp-image-3017\" src=\"https:\/\/www.zonaires.com\/wp-content\/uploads\/2020\/03\/couverture-Pastel-noir-B-148x210.jpg\" alt=\"\" width=\"148\" height=\"210\" srcset=\"https:\/\/www.zonaires.com\/wp-content\/uploads\/2020\/03\/couverture-Pastel-noir-B-148x210.jpg 148w, https:\/\/www.zonaires.com\/wp-content\/uploads\/2020\/03\/couverture-Pastel-noir-B-300x426.jpg 300w, https:\/\/www.zonaires.com\/wp-content\/uploads\/2020\/03\/couverture-Pastel-noir-B-768x1089.jpg 768w, https:\/\/www.zonaires.com\/wp-content\/uploads\/2020\/03\/couverture-Pastel-noir-B-722x1024.jpg 722w, https:\/\/www.zonaires.com\/wp-content\/uploads\/2020\/03\/couverture-Pastel-noir-B.jpg 1049w\" sizes=\"(max-width: 148px) 100vw, 148px\" \/><\/p>\n<p>D\u00e9couvrez un extrait de &#8220;Le poids du monde&#8221;, premi\u00e8re nouvelle du recueil de Jo\u00ebl Hamm &#8220;Pastel noir&#8221;<\/p>\n<p><iframe loading=\"lazy\" src=\"https:\/\/www.dailymotion.com\/embed\/video\/x7rw066\" width=\"480\" height=\"270\" frameborder=\"0\" allowfullscreen=\"allowfullscreen\"><\/iframe><\/p>\n","protected":false},"excerpt":{"rendered":"<p>D\u00e9couvrez un extrait de &#8220;Le poids du monde&#8221;, premi\u00e8re nouvelle du recueil de Jo\u00ebl Hamm &#8220;Pastel noir&#8221;<\/p>\n","protected":false},"author":1,"featured_media":0,"parent":2162,"menu_order":0,"comment_status":"closed","ping_status":"closed","template":"","meta":[],"_links":{"self":[{"href":"https:\/\/www.zonaires.com\/index.php?rest_route=\/wp\/v2\/pages\/3016"}],"collection":[{"href":"https:\/\/www.zonaires.com\/index.php?rest_route=\/wp\/v2\/pages"}],"about":[{"href":"https:\/\/www.zonaires.com\/index.php?rest_route=\/wp\/v2\/types\/page"}],"author":[{"embeddable":true,"href":"https:\/\/www.zonaires.com\/index.php?rest_route=\/wp\/v2\/users\/1"}],"replies":[{"embeddable":true,"href":"https:\/\/www.zonaires.com\/index.php?rest_route=%2Fwp%2Fv2%2Fcomments&post=3016"}],"version-history":[{"count":2,"href":"https:\/\/www.zonaires.com\/index.php?rest_route=\/wp\/v2\/pages\/3016\/revisions"}],"predecessor-version":[{"id":3019,"href":"https:\/\/www.zonaires.com\/index.php?rest_route=\/wp\/v2\/pages\/3016\/revisions\/3019"}],"up":[{"embeddable":true,"href":"https:\/\/www.zonaires.com\/index.php?rest_route=\/wp\/v2\/pages\/2162"}],"wp:attachment":[{"href":"https:\/\/www.zonaires.com\/index.php?rest_route=%2Fwp%2Fv2%2Fmedia&parent=3016"}],"curies":[{"name":"wp","href":"https:\/\/api.w.org\/{rel}","templated":true}]}}