{"id":2311,"date":"2018-11-04T16:49:51","date_gmt":"2018-11-04T15:49:51","guid":{"rendered":"http:\/\/www.zonaires.com\/?page_id=2311"},"modified":"2021-07-25T16:42:04","modified_gmt":"2021-07-25T15:42:04","slug":"frederic-gaillard","status":"publish","type":"page","link":"https:\/\/www.zonaires.com\/?page_id=2311","title":{"rendered":"Fr\u00e9d\u00e9ric Gaillard"},"content":{"rendered":"<p><img loading=\"lazy\" class=\"alignleft wp-image-1225\" src=\"https:\/\/www.zonaires.com\/wp-content\/uploads\/2015\/11\/Gaillard-Fre\u00b4de\u00b4ricnb-e1447947469675.jpg\" alt=\"\" width=\"133\" height=\"177\" \/><\/p>\n<p>&nbsp;<\/p>\n<p>Parce qu\u2019il est taill\u00e9 comme une bavette et qu\u2019il s\u2019est toujours bless\u00e9 en faisant du sport, l\u2019auteur se tient farouchement \u00e0 l\u2019\u00e9cart des pistes et des stades, des sportifs et des supporters. Seuls le ping-pong et la p\u00e9tanque trouvent gr\u00e2ce \u00e0 ses yeux. En \u00e9crivant au moins, il ne risque pas d\u2019entorse\u2026<br \/>\nCe r\u00e9cit in\u00e9dit n\u2019est pas un essai philosophique sur le dopage dans le sport, mais une dystopie d\u00e9jant\u00e9e. L\u2019auteur, dont c\u2019est la deuxi\u00e8me parution dans la collection Lapidaires apr\u00e8s plusieurs textes publi\u00e9s en ouvrages collectifs, attend pour 2016 la parution de son premier recueil de nouvelles fantastiques.<\/p>\n<p>Parus chez Zonaires \u00e9ditions : <a href=\"https:\/\/www.zonaires.com\/?p=1218\">Jeux de dopes<\/a>\u00a0;\u00a0<a href=\"https:\/\/www.zonaires.com\/?p=772\">Le petit oiseau va sortir<\/a>\u00a0; <a href=\"https:\/\/www.zonaires.com\/?p=3692\">Le Concile des quarante<\/a><\/p>\n","protected":false},"excerpt":{"rendered":"<p>&nbsp; Parce qu\u2019il est taill\u00e9 comme une bavette et qu\u2019il s\u2019est toujours bless\u00e9 en faisant du sport, l\u2019auteur se tient farouchement \u00e0 l\u2019\u00e9cart des pistes et des stades, des sportifs [&hellip;]<\/p>\n","protected":false},"author":1,"featured_media":0,"parent":2248,"menu_order":0,"comment_status":"closed","ping_status":"closed","template":"","meta":[],"_links":{"self":[{"href":"https:\/\/www.zonaires.com\/index.php?rest_route=\/wp\/v2\/pages\/2311"}],"collection":[{"href":"https:\/\/www.zonaires.com\/index.php?rest_route=\/wp\/v2\/pages"}],"about":[{"href":"https:\/\/www.zonaires.com\/index.php?rest_route=\/wp\/v2\/types\/page"}],"author":[{"embeddable":true,"href":"https:\/\/www.zonaires.com\/index.php?rest_route=\/wp\/v2\/users\/1"}],"replies":[{"embeddable":true,"href":"https:\/\/www.zonaires.com\/index.php?rest_route=%2Fwp%2Fv2%2Fcomments&post=2311"}],"version-history":[{"count":3,"href":"https:\/\/www.zonaires.com\/index.php?rest_route=\/wp\/v2\/pages\/2311\/revisions"}],"predecessor-version":[{"id":3727,"href":"https:\/\/www.zonaires.com\/index.php?rest_route=\/wp\/v2\/pages\/2311\/revisions\/3727"}],"up":[{"embeddable":true,"href":"https:\/\/www.zonaires.com\/index.php?rest_route=\/wp\/v2\/pages\/2248"}],"wp:attachment":[{"href":"https:\/\/www.zonaires.com\/index.php?rest_route=%2Fwp%2Fv2%2Fmedia&parent=2311"}],"curies":[{"name":"wp","href":"https:\/\/api.w.org\/{rel}","templated":true}]}}