{"id":2306,"date":"2018-11-04T16:43:31","date_gmt":"2018-11-04T15:43:31","guid":{"rendered":"http:\/\/www.zonaires.com\/?page_id=2306"},"modified":"2018-11-04T16:43:31","modified_gmt":"2018-11-04T15:43:31","slug":"emmanuelle-cart-tanneur","status":"publish","type":"page","link":"https:\/\/www.zonaires.com\/?page_id=2306","title":{"rendered":"Emmanuelle Cart-Tanneur"},"content":{"rendered":"<p><img loading=\"lazy\" class=\"alignleft  wp-image-1508\" src=\"https:\/\/www.zonaires.com\/wp-content\/uploads\/2016\/06\/Emmanuelle-Cart-Tanneur-laur\u00e9atenb.jpg\" alt=\"\" width=\"147\" height=\"195\" srcset=\"https:\/\/www.zonaires.com\/wp-content\/uploads\/2016\/06\/Emmanuelle-Cart-Tanneur-laur\u00e9atenb.jpg 1064w, https:\/\/www.zonaires.com\/wp-content\/uploads\/2016\/06\/Emmanuelle-Cart-Tanneur-laur\u00e9atenb-300x397.jpg 300w, https:\/\/www.zonaires.com\/wp-content\/uploads\/2016\/06\/Emmanuelle-Cart-Tanneur-laur\u00e9atenb-773x1024.jpg 773w\" sizes=\"(max-width: 147px) 100vw, 147px\" \/><\/p>\n<p>&nbsp;<\/p>\n<p><strong>Emmanuelle Cart-Tanneur<\/strong> est Lyonnaise de naissance et de c\u0153ur, mais Parisienne, Avignonnaise ou Dijonnaise \u00e0 l\u2019envi, ou encore Santom\u00e9enne, Canarienne, Islandaise ou Capverdienne si ses pas l\u2019y portent\u2026 Pas encore retrait\u00e9e, et donc sans cesse \u00e0 la recherche du temps qu\u2019elle s\u2019efforce de ne pas perdre, longtemps elle s\u2019est couch\u00e9e tard, mais cette p\u00e9riode est r\u00e9volue. Bibliomane comme certains de ses h\u00e9ros, elle r\u00eave d\u2019une machine, non \u00e0 remonter le temps, mais \u00e0 le ralentir\u2026<\/p>\n<p>Elle a publi\u00e9 deux petits recueils de nouvelles chez Zonaires \u00e9ditions : <a href=\"https:\/\/www.zonaires.com\/?p=1506\">Que la f\u00eate commence !<\/a> et <a href=\"https:\/\/www.zonaires.com\/?p=532\">G\u00e9n\u00e9alogie de l&#8217;exode<\/a><\/p>\n","protected":false},"excerpt":{"rendered":"<p>&nbsp; Emmanuelle Cart-Tanneur est Lyonnaise de naissance et de c\u0153ur, mais Parisienne, Avignonnaise ou Dijonnaise \u00e0 l\u2019envi, ou encore Santom\u00e9enne, Canarienne, Islandaise ou Capverdienne si ses pas l\u2019y portent\u2026 Pas [&hellip;]<\/p>\n","protected":false},"author":1,"featured_media":0,"parent":0,"menu_order":0,"comment_status":"closed","ping_status":"closed","template":"","meta":[],"_links":{"self":[{"href":"https:\/\/www.zonaires.com\/index.php?rest_route=\/wp\/v2\/pages\/2306"}],"collection":[{"href":"https:\/\/www.zonaires.com\/index.php?rest_route=\/wp\/v2\/pages"}],"about":[{"href":"https:\/\/www.zonaires.com\/index.php?rest_route=\/wp\/v2\/types\/page"}],"author":[{"embeddable":true,"href":"https:\/\/www.zonaires.com\/index.php?rest_route=\/wp\/v2\/users\/1"}],"replies":[{"embeddable":true,"href":"https:\/\/www.zonaires.com\/index.php?rest_route=%2Fwp%2Fv2%2Fcomments&post=2306"}],"version-history":[{"count":3,"href":"https:\/\/www.zonaires.com\/index.php?rest_route=\/wp\/v2\/pages\/2306\/revisions"}],"predecessor-version":[{"id":2309,"href":"https:\/\/www.zonaires.com\/index.php?rest_route=\/wp\/v2\/pages\/2306\/revisions\/2309"}],"wp:attachment":[{"href":"https:\/\/www.zonaires.com\/index.php?rest_route=%2Fwp%2Fv2%2Fmedia&parent=2306"}],"curies":[{"name":"wp","href":"https:\/\/api.w.org\/{rel}","templated":true}]}}