{"id":1168,"date":"2015-10-20T12:52:52","date_gmt":"2015-10-20T11:52:52","guid":{"rendered":"http:\/\/www.zonaires.com\/?page_id=1168"},"modified":"2026-03-05T15:31:49","modified_gmt":"2026-03-05T14:31:49","slug":"conditions-generales-de-vente-3","status":"publish","type":"page","link":"https:\/\/www.zonaires.com\/?page_id=1168","title":{"rendered":"Conditions g\u00e9n\u00e9rales de vente"},"content":{"rendered":"<p>MENTIONS L\u00c9GALES \u2013 CONDITIONS G\u00c9N\u00c9RALES DE VENTE<\/p>\n<p><strong>Responsable de publication <\/strong>Zonaires Editions repr\u00e9sent\u00e9 par son directeur Patrick L\u2019Ecolier 35 rue du Rocher 38120 Fontanil Cornillon, France contact@zonaires.com<\/p>\n<p>SIRET 78920142300017<\/p>\n<p><strong>Propri\u00e9t\u00e9 intellectuelle <\/strong>Tous les ouvrages, illustrations et images reproduits ou repr\u00e9sent\u00e9s sur le site de Zonaires \u00c9ditions sont strictement r\u00e9serv\u00e9s au titre du droit d\u2019auteur ainsi qu\u2019au titre de la propri\u00e9t\u00e9 intellectuelle et pour le monde entier. Conform\u00e9ment aux dispositions du code de la propri\u00e9t\u00e9 intellectuelle, seule l\u2019utilisation pour un usage priv\u00e9 est donc autoris\u00e9e. Toute reproduction ou repr\u00e9sentation totale ou partielle est soumise \u00e0 l\u2019autorisation pr\u00e9alable de Zonaires \u00e9ditions.<\/p>\n<p><strong>Prix <\/strong>Les prix de nos produits sont indiqu\u00e9s en euros toutes taxes comprises ( Zonaires \u00e9ditions est en franchise de TVA, article 293 B du CGI) hors participation aux frais d\u2019exp\u00e9dition.<\/p>\n<p><strong>Commandes <\/strong>Les livres propos\u00e9s par Zonaires \u00e9ditions peuvent \u00eatre command\u00e9s de la fa\u00e7on suivante : \u2013 via PayPal directement sur le site : www.zonaires.com \u2013 par envoi d\u2019un ch\u00e8que avec le bon de commande sur le site\u00a0: www.zonaires.com \u2013 par virement bancaire ou postal (Belgique, Suisse, pays de l\u2019UE)<\/p>\n<p><strong>Disponibilit\u00e9 <\/strong>Si aucune mention \u00ab\u00a0Livre \u00e9puis\u00e9\u00a0\u00bb n\u2019est annot\u00e9e, le livre qui vous int\u00e9resse est disponible.<\/p>\n<p><strong>Livraison<\/strong><\/p>\n<p>\u2013 En cas de paiement par PayPal ou Carte Bancaire : Les produits sont livr\u00e9s \u00e0 l\u2019adresse de livraison indiqu\u00e9e dans votre commande. Ils seront trait\u00e9s dans les 48h (ou deux jours ouvrables) qui suivent la validation du paiement.<\/p>\n<p>\u2013 En cas de paiement par ch\u00e8que ou par virement, la commande sera exp\u00e9di\u00e9e \u00e0 r\u00e9ception du ch\u00e8que ou du virement par nos soins dans un d\u00e9lai de deux jours ouvrables \u00e0 dater de la date de r\u00e9ception via La Poste.<\/p>\n<p>&#8211; Les frais de port indiqu\u00e9s pour chaque livre ne sont pas applicables pour l&#8217;<strong>Outre-Mer<\/strong> o\u00f9 le co\u00fbt est calcul\u00e9 en fonction du poids de la commande. (Voir tarifs sp\u00e9cifiques de La Poste) Un tarif sp\u00e9cifique est \u00e9galement appliqu\u00e9 pour l&#8217;<strong>international<\/strong> (se renseigner aupr\u00e8s de zonaires \u00e9ditions en envoyant un mail \u00e0 <a href=\"mailto:contact@zonaires.com\"><strong>contact@zonaires.com<\/strong><\/a><\/p>\n<p><strong>Exp\u00e9dition des commandes<\/strong><\/p>\n<p>Les ouvrages sont envoy\u00e9s par La Poste dans des enveloppes kraft ou enveloppes matelass\u00e9es selon l\u2019\u00e9paisseur de l\u2019ouvrage.<\/p>\n<p>Les envois dont le poids est inf\u00e9rieur \u00e0 1000g sont exp\u00e9di\u00e9s au tarif Lettre verte.<\/p>\n<p>Les envois volumineux sont exp\u00e9di\u00e9s en Colissimo<\/p>\n<p>Zonaires Editions d\u00e9cline toute responsabilit\u00e9 en cas de d\u00e9t\u00e9rioration de l\u2019ouvrage du fait de son exp\u00e9dition et ne peut \u00eatre aucunement tenu responsable des pertes ou retards d\u2019exp\u00e9dition de La Poste pour quelque raison que ce soit.<\/p>\n<p><strong>Paiement <\/strong>Le r\u00e8glement de vos achats peut s\u2019effectuer : \u2013 soit par PayPal ; (par votre compte PayPal\u00a0ou par carte bancaire en cliquant sur payer puis\u00a0sur &#8220;vous n&#8217;avez pas de compte Pay Pal&#8221;\u00a0 syst\u00e8me de paiement s\u00e9curis\u00e9 optimis\u00e9s PayPal. Chaque commande de livre fait l\u2019objet d\u2019un re\u00e7u envoy\u00e9 par Paypal \u00e0 l\u2019adresse email indiqu\u00e9e sur la commande. \u2013 soit par ch\u00e8que bancaire, (une fois votre bon de commande valid\u00e9 par Zonaires \u00e9ditions \u2013 votre commande sera exp\u00e9di\u00e9e \u00e0 r\u00e9ception de son r\u00e8glement)<\/p>\n<p>\u2013 soit par virement SEPA bancaire ou postal (les r\u00e9f\u00e9rences BIC et IBAN de notre compte vous seront communiqu\u00e9es une fois votre bon de commande valid\u00e9 par Zonaires \u00e9ditions\u00a0; votre commande sera exp\u00e9di\u00e9e \u00e0 r\u00e9ception du virement)<\/p>\n<p><strong>Retard de paiement<\/strong> Les factures sont \u00e0 r\u00e9gler \u00e0 r\u00e9ception. A d\u00e9faut de r\u00e8glement dans les trente jours suivant son \u00e9mission des int\u00e9r\u00eats de 10% seront ajout\u00e9s au montant total de la facture ainsi qu&#8217;une indemnit\u00e9 l\u00e9gale forfaitaire de 40 \u20ac ; les frais d&#8217;envoi en recommand\u00e9 avec AR d&#8217;une mise en demeure seront \u00e9galement ajout\u00e9s \u00e0 la facture.<\/p>\n<p><strong>Retour<\/strong>\u00a0Conform\u00e9ment \u00e0 l&#8217;ARTICLE L 121-20-2 du code de la consommation, les achats de livres sont fermes et d\u00e9finitifs. Ils ne pourront donc donner lieu \u00e0 \u00e9change, remboursement ou \u00e0 l&#8217;exercice d&#8217;un droit de r\u00e9tractation.<\/p>\n<p><strong>Litiges <\/strong>En cas de litige, les tribunaux fran\u00e7ais, seront seuls comp\u00e9tents.<\/p>\n","protected":false},"excerpt":{"rendered":"<p>MENTIONS L\u00c9GALES \u2013 CONDITIONS G\u00c9N\u00c9RALES DE VENTE Responsable de publication Zonaires Editions repr\u00e9sent\u00e9 par son directeur Patrick L\u2019Ecolier 35 rue du Rocher 38120 Fontanil Cornillon, France contact@zonaires.com SIRET 78920142300017 Propri\u00e9t\u00e9 [&hellip;]<\/p>\n","protected":false},"author":1,"featured_media":0,"parent":0,"menu_order":0,"comment_status":"open","ping_status":"open","template":"","meta":[],"_links":{"self":[{"href":"https:\/\/www.zonaires.com\/index.php?rest_route=\/wp\/v2\/pages\/1168"}],"collection":[{"href":"https:\/\/www.zonaires.com\/index.php?rest_route=\/wp\/v2\/pages"}],"about":[{"href":"https:\/\/www.zonaires.com\/index.php?rest_route=\/wp\/v2\/types\/page"}],"author":[{"embeddable":true,"href":"https:\/\/www.zonaires.com\/index.php?rest_route=\/wp\/v2\/users\/1"}],"replies":[{"embeddable":true,"href":"https:\/\/www.zonaires.com\/index.php?rest_route=%2Fwp%2Fv2%2Fcomments&post=1168"}],"version-history":[{"count":14,"href":"https:\/\/www.zonaires.com\/index.php?rest_route=\/wp\/v2\/pages\/1168\/revisions"}],"predecessor-version":[{"id":5462,"href":"https:\/\/www.zonaires.com\/index.php?rest_route=\/wp\/v2\/pages\/1168\/revisions\/5462"}],"wp:attachment":[{"href":"https:\/\/www.zonaires.com\/index.php?rest_route=%2Fwp%2Fv2%2Fmedia&parent=1168"}],"curies":[{"name":"wp","href":"https:\/\/api.w.org\/{rel}","templated":true}]}}